1*k**3/6 + k**2. Is r(j) a prime number?
False
Suppose 11 = -u + 5*a + 41, 2*a = 5*u - 58. Let s be (u/2)/((-2)/(-10)). Let l(q) = 3*q - 44. Is l(s) a composite number?
False
Let r = 48570 - 4807. Is r prime?
False
Let v be (-32)/(-5 + 9) + -7616. Let r = v + 12689. Is r prime?
False
Is (42/9 - 4)/(32/3739440) prime?
False
Suppose -4370363 + 16542647 = 39*q - 4207287. Is q prime?
False
Let r = -33 + 19. Let q be ((-18)/21)/(3/r). Suppose q*j = 108 + 24. Is j prime?
False
Is 2 + -4 + 127899/3 a composite number?
True
Let l = -197 + 195. Is 410/((l - 1) + (-10)/(-2)) prime?
False
Let d = 138 + -128. Suppose d*t + 14 = 24. Is 2042 - (t + -16)/5 a prime number?
False
Is 5576/246*219162/8 + 2 + -2 prime?
False
Let l(g) = -57*g**3 - 11*g**2 - 125*g + 71. Is l(-8) prime?
False
Is 7600/1600 + 2230107/12 composite?
True
Is (1370593/6)/7 + 137/(-822) composite?
False
Let x = 1752 - 1135. Let f = 1980 - x. Is f prime?
False
Let n = 6731 + -2535. Is (10 + -5)*(4 - 3) + n a prime number?
True
Suppose 628*m - 613*m = -3970625 + 11123090. Is m prime?
True
Suppose -o - o = -2660. Suppose -5911 - o = -c. Is c a composite number?
True
Suppose -5*o + 3*d + 2305730 = 0, 19*d - 15*d = -2*o + 922266. Is o prime?
True
Let o be (37/(-2))/((-1 - 10)/2926). Suppose l = 4*m - 19640, -m + 7*l + o = 4*l. Is m a prime number?
True
Is (-277)/((144/774)/(-8)) prime?
False
Suppose 15*j + 18402295 - 1184086 = 126*j. Is j composite?
False
Let h = 171 + -171. Suppose h = 51*b - 48*b - 4206. Is b a prime number?
False
Let n(l) = -l**2 + 4*l. Let u be n(3). Suppose 3*p + o + 23 = 4*p, -u*p - o + 77 = 0. Suppose 20*b - p*b + 5305 = 0. Is b composite?
False
Suppose 19*c = 23*c - 8. Suppose -c*p + 3173 = -4*n - n, -5*n - 25 = 0. Is p composite?
True
Let y be 15 + -3 + 6 + -4. Let j(b) = 5*b**2 - 19*b + 17. Is j(y) composite?
True
Suppose 19*p + 12*p = 2740989. Is p a prime number?
False
Is ((-123)/(-164))/(54/16) + 13024443/27 a composite number?
False
Suppose 254098 = 15*n - 2237. Let k = n - 7546. Is k prime?
False
Suppose 372 = 2*x - 1259 - 9527. Is x a composite number?
True
Let f(d) be the first derivative of 59*d**3 - 2*d**2 + 11*d + 44. Is f(6) a composite number?
False
Suppose 3 + 5 = 4*r. Suppose 0 = 4*z + r*n - 24262, -4*z + 22763 = 5*n - 1490. Is z a composite number?
False
Let b(j) = 11*j**3 + 10*j**2 + 30*j + 41. Let m be b(31). Suppose 22*s = 8*s + m. Is s a prime number?
False
Suppose n + 5*o = 4209, -2*n - 251*o + 256*o = -8358. Is n composite?
True
Let g(t) = -t**2 + 16*t - 4. Let b be g(16). Is 7/(7/4267) - b a composite number?
False
Let g(l) be the second derivative of -11*l**3/3 + 1769*l**2/2 + 128*l. Is g(0) composite?
True
Let i(p) = 12 + 12*p + 12 + 12 - 8 + 7. Let o = 7 - 2. Is i(o) prime?
False
Suppose c - 2*y = 7, -2*c - 6*y + 5*y = -9. Let u be (1/3)/((-2)/(-18)). Suppose -5*v + 5*s + 5938 = 638, c*v + u*s = 5260. Is v prime?
False
Let q(y) = 11199*y**2 + 24*y - 13. Is q(2) prime?
False
Let n = -421913 + 657404. Is n composite?
True
Let q be (8/(-5))/(2 - (-72)/(-30)). Suppose -2*k = -5*h + 11969, -5*h - q*k + 11984 = -k. Is h a composite number?
True
Let m(i) = -3*i**2 + 2*i - 316. Let r(t) = -16*t**2 + 11*t - 1581. Let v(w) = -11*m(w) + 2*r(w). Let k be v(0). Let h = k - -17. Is h a composite number?
False
Let j(x) = -108*x**2 + 10*x - 3. Let k(o) = -4 - 7*o + 19*o - 71*o**2 + 32*o**2 - 68*o**2. Let w(t) = -5*j(t) + 4*k(t). Is w(5) composite?
False
Suppose -16441 - 25765 = -2*s. Suppose 4*y + 42352 = 4*o, -y - 31841 - s = -5*o. Is o composite?
False
Let u(q) = -q**3 + 6*q**2 - 2*q + 11. Let o(m) = -5*m - 9. Let j be o(-3). Let t be u(j). Is 124 - t - (6 + -3) composite?
True
Let c = -55 - 15. Let s = 74 + c. Is (-3)/s + (-5111)/(-4) a composite number?
False
Is (-41 - -9283)*(-9)/(-2)*5/15 a prime number?
False
Suppose 0*r - r = 4*r. Suppose 3*b - 9 + 3 = r. Suppose 4*c - b*c = 44. Is c a composite number?
True
Suppose 1159519 - 97474 = 27*u. Is u composite?
True
Suppose 133*j - 140 = 131*j. Is j/(-28)*3448/(-10) composite?
True
Let x(u) = u**3 - 9*u**2 + 17*u - 22. Let w be x(7). Suppose 0*v - 3*v = o + 3, -4*o - 26 = -2*v. Is o/15 - (2012/(-5) + w) a prime number?
False
Suppose 2*r = -9*r + 148368. Suppose j = -4*f + 13483, -r = -3*f - f + 4*j. Is f a prime number?
True
Suppose 6489 = 5*p - 14421. Let k = 1751 + -4086. Let t = k + p. Is t a composite number?
False
Is 352/32 + 8*351 a prime number?
True
Let t be -6*(-252)/(-81)*(-138)/(-4). Let o = 26 - 20. Is (t/o)/(10/(-15)) a composite number?
True
Suppose 17*w + 40 = 25*w. Suppose -w*y + 16 = -9. Suppose -4*s + 4*t = -3980, 0 = -y*s + t + t + 4963. Is s a prime number?
True
Let r be 3197 - ((4 - 5) + -1). Let q be -5 - r - (1 - -3). Is (q/((-4)/1))/2 prime?
True
Let r be 176593/(-11) - 19/209. Let q = -4005 - r. Is q a composite number?
False
Suppose 5*k = 4*k + 5*j + 13274, -5*k - 3*j + 66370 = 0. Is k a composite number?
True
Let y(b) = -b**3 - 17*b**2 - 16*b - 4. Let t be y(-16). Let j be (-2 + 10)/(-1*t/356). Let s = 1379 - j. Is s a prime number?
False
Let p(u) = 115*u**2 + 3*u + 9. Suppose -95*l + 96*l + 7 = 0. Is p(l) a composite number?
False
Let x be 0 + -4 - 1 - (-2 + 8). Let w(m) = m**3 + 20*m**2 + 16*m - 2. Is w(x) a composite number?
False
Let j(g) = -10*g**3 + 5*g**2 + 3*g + 1. Let b(q) = 7*q + 36. Let f(i) = 15*i + 73. Let v(h) = 5*b(h) - 2*f(h). Let s be v(-8). Is j(s) a composite number?
True
Let n(y) = -8154*y - 2297. Is n(-21) a prime number?
True
Let u = 237 - 235. Suppose -2663 = -5*g + 4*s + 1158, -u*s = 2*g - 1514. Is g a composite number?
False
Suppose 4*l - z = 1218873, l - 2*z = 307684 - 2971. Is l composite?
True
Let f = -74980 + 128949. Is f a composite number?
True
Suppose 154*b - 182*b + 33649 = -147651. Let w(t) = t - 1. Let u be w(5). Suppose 3*s + 0*z = 2*z + 6451, b = 3*s + u*z. Is s a prime number?
True
Let y(h) = -4326*h**3 + 2*h**2 - 2*h - 3. Let k(m) = -m**3 + 11*m**2 - 8*m - 8. Let w be k(10). Let o be (w/24 - (-1)/(-2)) + -1. Is y(o) prime?
True
Let o(b) = b**3 - 23*b**2 + 25*b - 56. Let v be o(22). Suppose 0 = -i - v*i + 3377. Is i a prime number?
True
Let f = -13810 - -302457. Is f prime?
True
Let g(r) = -r + 14. Let t be g(4). Let x = t - 4. Suppose 19*d - 13143 = x*d. Is d composite?
True
Let k(g) = 85*g + 6. Let j be k(-1). Let b = -75 - j. Suppose 482 = 2*h + b*i, -2*h + 142 = -5*i - 304. Is h prime?
True
Suppose 0 = -3*h - 4*g + 2*g + 6, 5*g = 5*h - 10. Suppose -2*o + o = h*q - 93, 99 = 2*q + 3*o. Suppose q*b = 40*b + 15815. Is b a composite number?
False
Let x(h) = -201*h + 2. Suppose -40 = -2*z - 54. Is x(z) composite?
False
Suppose -2*h - 42913 = 11*h. Let a = 6754 + h. Is a a composite number?
True
Suppose -3*g + g + 12980 = 0. Let a be (-2)/(6 - -6*80/(-72)). Suppose 0 = a*j + 7*j - g. Is j prime?
False
Suppose -3*j + 5*u + 13 = 6*u, -5*j + 16 = -4*u. Suppose j*w - w = 951. Is w a composite number?
False
Let f(k) = 33*k**2 + 9*k + 13. Let r = 63 + -92. Let w = -31 - r. Is f(w) a composite number?
False
Let g be 3357 + (-1)/((-2)/(-2)). Suppose -11 + 11 = -289*v. Suppose 0 = -2*d - 2*d + t + g, v = -5*t - 20. Is d a prime number?
False
Suppose 3*z = -2*s + 4480, -4*s - 3*z + z = -8960. Suppose 2*b - u = 5*b - 3334, -s = -2*b - 5*u. Suppose -k - 9*k = -b. Is k a composite number?
True
Let m be ((-100)/(-4))/(-5) - (-2)/(-2). Let b be (m/(-5))/(4/((-320)/(-12))). Is (b/(-4) + -589)*-1 composite?
True
Let g be ((-6)/(-12))/((4 - 1)/48). Let d be -1*g/12*-3. Suppose d*k = 4*f - 10440, -13053 = 2*f - 7*f + 4*k. Is f a prime number?
True
Let d = -28478 + 65689. Is d a prime number?
False
Let s(y) = 1506*y**3 + 3*y**2 - 30*y + 325. Is s(8) composite?
False
Let h = -1130409 - -2666540. Is h prime?
False
Is (-1)/((-184423)/(-23053) + -8) a prime number?
True
Let j be (144/56)/((-9)/42). Let r = -10 - j. Suppose -t = r*x - 0*x - 1386, -2*t + 2078 = 3*x. Is x a composite number?
True
Is (783091 - (-6)/3)*((-32)/(-48))/2 prime?
True
Let i = 780 - 778. Suppose 0 = -5*v + 2470 + 1305. Suppose 0*c = -i*c + r + v, c = -r + 382. Is c a prime number?
True
Let d = 147 + -142. Suppose -5*b + d*a = -14110, 1660 + 1182 = b + 3*a. Is b composite?
True
Let l = -36 + 38. Is 3 + 7 + -7 - (-18264 - l) a prime number?
True
Suppose 5*x + 159 = 2*x. Let t(a) = -a**3 + 39*a*